9 = -t - 2*g, -t + 5*g - 3 = -5. Suppose l = i + 889, 4425 = 5*l + t*i - 2*i. Suppose -17*x + 18*x - l = 0. Is x composite?
False
Let g be -7 - (-153)/(-9)*-1. Is 2054 - 27/(g - 1) composite?
True
Let a = -164769 - -851386. Is a a prime number?
False
Let q(c) = c**2 + 3*c + 3. Let k be q(-3). Suppose 3*p - 634 = 5*x, 206 = -2*p + k*p + x. Suppose -99 = -a + p. Is a composite?
False
Let a(g) = 10*g - g - 16*g + 7 + 201*g**2. Is a(2) a prime number?
True
Let u(h) be the third derivative of -7*h**6/120 - h**5/12 - 11*h**4/12 + 11*h**3/6 + 64*h**2 + 3. Is u(-10) prime?
False
Suppose w - 3*w + 8 = 0. Let t be (-12)/w - 11337/(-3). Suppose 5*g - 5*m - 1159 - t = 0, 4*m = -5*g + 4953. Is g prime?
False
Suppose -3*v = -w - 933916, -v + 56*w + 311287 = 52*w. Is v a composite number?
True
Suppose -8*i + 3 = -93. Suppose -71964 = -i*v - 24096. Is v a prime number?
True
Let d = -457 + 488. Suppose 0 = -5*o + 4566 - d. Is o a prime number?
True
Let j be 120167/(-15) - (6/(-45))/1. Let p = j - -15828. Is p composite?
False
Let w = 4767 - -20756. Is w a composite number?
False
Suppose -2*z = 2*v - 8, 4*v + z = 2*z + 6. Suppose -y - 4*h = -1, h + h = 2. Is 10327/2 + (-2 - y/v) prime?
False
Let r = -29 + 215. Let c = r - 1. Is c composite?
True
Suppose 4*c - 22 + 30 = 0, -2*j + 46190 = 4*c. Is j composite?
False
Let y = -20971 - -14970. Let h = -1164 - y. Is h composite?
True
Let s(k) = -88*k + 5. Let n be (-4 + (1 - 5))/(1 - 0). Is s(n) composite?
False
Suppose -3*l = v - 8*l - 46, -3*v = 4*l - 62. Let m = v + -40. Is (3 - 6135/(-35)) + 4/m composite?
True
Suppose 3*u - 21186 = -5700. Suppose 9*o = 35653 + u. Is o prime?
False
Let p(w) be the first derivative of -17*w**4/8 - 13*w**3/6 + 15*w**2/2 + 5. Let o(x) be the second derivative of p(x). Is o(-14) composite?
False
Let l be (-12)/(-15) + ((-264832)/5)/(-2). Suppose 40*j + l = 46*j. Is j a prime number?
False
Suppose -j = -7*j + 222. Let h(m) = -j*m + 1 - 207*m - 228*m. Is h(-1) a prime number?
False
Suppose -3*d - h = -149348, -d = -12*h + 13*h - 49782. Is d a composite number?
False
Suppose 2*j + 7 + 0 = c, 5*c - 9 = -3*j. Suppose 5*n - 3*o = -914, -n - 3*o + 371 = -c*n. Let p = 560 + n. Is p composite?
False
Let n = 4015 - 1387. Let c = n + -182. Is 2/(-4) - c/(-4) a prime number?
False
Is (-3433740)/(-150) - -3*(-3)/15 a composite number?
True
Let b = -274 - -283. Suppose 13*r - b*r + 4*o - 19124 = 0, -3*o - 9572 = -2*r. Is r a composite number?
False
Suppose -o + 15 + 5 = 4*a, 4*o = 2*a - 10. Suppose o = -46*q + 54*q - 42008. Is q prime?
False
Let i(m) = 1249*m**2 - 76*m + 1080. Is i(17) a composite number?
False
Is (-12)/78 - (-3 + ((-797172)/(-39))/(-2)) a composite number?
False
Let b be 643625 - 3*(-5 + (-6)/(-2)). Suppose 0 = 32*v + 27*v - b. Is v composite?
False
Suppose 5*q - 10 = 3*q. Suppose q*p + 677 = 18587. Suppose 3*n = -i + p, -1676 = -5*n + i + 4286. Is n a composite number?
False
Let x(l) = -5*l**3 + 2*l**2 - 7*l + 14. Let v(o) = 5*o**3 - o**2 + 6*o - 13. Let u(p) = 3*v(p) + 2*x(p). Suppose -q - 14 + 13 = 0, -4*q = -a + 9. Is u(a) prime?
True
Suppose 2*x - 2*c + 3*c = 112926, 112922 = 2*x + 3*c. Suppose -x = -5*d - 3669. Is d prime?
True
Suppose -10*y - 7307 = -34767. Let v = y - -4015. Is v composite?
False
Suppose -4*i + 1362519 = d, -5*d + 2*i + 5231125 + 1581646 = 0. Is d prime?
True
Let y(a) = a**2 + 14*a + 35. Let w be y(-11). Suppose 8*g = w*g + 10794. Is g a composite number?
True
Suppose -2*x - 94345 - 34718 = -5*x. Is x composite?
True
Let l(p) = p. Let z be l(10). Suppose -z*y = -9*y - 253. Let u = y - -100. Is u composite?
False
Suppose 92*k - 12713499 = -1479655. Is k a prime number?
False
Suppose -6*y + 8 = -2*o, 43*y - 5*o - 8 = 40*y. Let w(t) be the second derivative of 1064*t**3/3 + t**2/2 + t. Is w(y) composite?
False
Let z = 41 + -43. Let x be (0 - 1)*(-4 - z). Suppose x*t + 3*t = 1115. Is t composite?
False
Let a(g) = g**3 + 5*g**2 - 4*g + 1. Let k be a(-5). Suppose -2148 = k*r - 8343. Is r a prime number?
False
Let h = 1798 - -258102. Is h/30 - 4/12 a composite number?
False
Suppose -46122 = -4*b - 2*j, b - 5010 - 6548 = 5*j. Is b a composite number?
True
Suppose -59*g - 7151579 = -120*g. Is g prime?
True
Let d = -142 - -190. Is -20*4/(d/(-123)) a prime number?
False
Suppose -4*w + 4*s = 1 + 15, 0 = -5*w - 2*s - 20. Let g(n) = 7*n + 34. Let k be g(w). Suppose 3*l - 341 = 2*j - k*j, 2*j + 117 = l. Is l a prime number?
False
Let m be (-4)/((6 + -3)/(282/(-4))). Let c = 2147 - m. Is c prime?
True
Let o(g) be the first derivative of 128*g**3 + g**2/2 - 32*g + 76. Is o(-9) a prime number?
True
Suppose 2*k = -3*z + 10176, 2*k + z + 0*z - 10180 = 0. Is k composite?
True
Let i be 4 + 20655/6 - 7/(-14). Is ((-66)/(-15))/(-11) + i/5 prime?
False
Let j(q) = 19233*q - 23. Let t be j(3). Suppose -t = -4*r + 21*f - 25*f, 0 = -5*f + 10. Is r prime?
False
Suppose 2*d - 2*y - 10 = -4*y, 0 = -4*d - 3*y + 16. Let q(c) = 1910*c + 2. Let j be q(d). Suppose -4*n - 5*b + j = 0, n + 3*n - 1896 = -b. Is n a prime number?
False
Suppose -6445 = -104*t + 99*t. Suppose -5*a = -t - 13706. Is a a prime number?
True
Is 488/4636 - (-1631015)/19 prime?
True
Is ((-21)/42)/(10/(-11105020)) composite?
False
Suppose 3*a + 5*y = -15, -5*y = 4*a - 1 + 16. Suppose a = -4*m + 133 - 21. Suppose j + m = 277. Is j a composite number?
True
Let l = 30 + -7. Suppose 24*c - l*c = 13. Let i(v) = 5*v - 6. Is i(c) prime?
True
Let z be (-12997)/(-2) - (-12)/(-13 + -11). Suppose -6*r = -5*r - 5*x - z, -4*r + 26117 = 5*x. Is r a composite number?
True
Suppose 0 = 3*y + 6, 0*y - 6 = 4*w - y. Let c(r) = -2*r - 4. Let m be c(w). Suppose 2*o + 7829 = 3*l - 0*o, m = 3*l + 5*o - 7822. Is l a composite number?
False
Let o(y) = -313*y**3 + 3*y**2 + 233*y + 1363. Is o(-6) composite?
True
Is -31*(-24994)/8 + (-3)/4 + 0 prime?
True
Suppose 11*x - 135 = 19. Let w be (-204)/(-8)*x/21. Let c(k) = 79*k - 70. Is c(w) a composite number?
True
Suppose 5*i + 14088 + 8992 = 0. Is (-2 + i/(-10))*10/4 a prime number?
False
Suppose -1087*y + 1126*y = 15826863. Is y composite?
False
Let n(c) = 13*c**3 - 6. Let f be n(3). Let z = f - 497. Let t = z + 375. Is t a prime number?
True
Let z(x) = x**3 + 7*x**2 + 38*x + 285. Is z(28) composite?
False
Let k = 57092 + -15493. Is k a prime number?
False
Let r be 400776/48 - 6/(-4). Let q = r + -11698. Let o = q - -9736. Is o composite?
False
Let d = -184117 - -428646. Is d a prime number?
True
Suppose 42757 = -2*f - 10315. Let c = f - -44685. Is c a prime number?
True
Let c(l) = -14*l**3 - 22*l - 287. Is c(-11) composite?
True
Let h(u) = 6*u - 142. Let s be h(23). Is (-3 - (s - 24976/12))*3 a prime number?
True
Suppose -16024*o = -16016*o - 642856. Is o prime?
False
Let y(x) = -9*x**2 + x**3 - 3*x**2 - 9 + 23*x + 3*x**2 + 8. Is y(8) a prime number?
False
Suppose 2*k + 4*o + 64443 = 238365, 4*k = 5*o + 347792. Is k a composite number?
True
Let y = 167963 + 169290. Is y a prime number?
False
Suppose -4*a - 4236 = -2*l, 0*l - 5*l = 3*a - 10551. Suppose -2*d - 4236 = -6*d + 5*n, -2*d + l = -4*n. Suppose -3677 - d = -11*f. Is f composite?
False
Let k(r) = 1720*r + 4. Let h be k(5). Suppose -7*a + 3*a - 2*s = -h, 6459 = 3*a + 3*s. Is a a composite number?
True
Let k be 3/(-6)*(-1)/2*0. Is k - 8/60 - (-520234)/30 a prime number?
True
Suppose 2936 = -4*y + 5*w, 5*w + 770 = -4*y - 2126. Let m = 1058 + y. Let u = m - -930. Is u a prime number?
True
Is (-15671)/2*(7 + 3)*-1 prime?
False
Suppose 5*z + 29 = c, -4*z + 3*c = -0*z + 32. Let m be (z/(-4))/(4/352). Suppose -14*f + 19*f = m. Is f a prime number?
False
Let i(t) = 3*t - 7. Let v be i(5). Let z(s) = -12 + 585*s + v + 5. Is z(1) prime?
False
Suppose 2*o + 2*d + 4 = 0, 2*o - 4 = -o + 2*d. Suppose o = 7*l + 1156 + 503. Let h = 2716 + l. Is h a prime number?
False
Suppose g - 157 + 31 = -3*m, 2*g = -m + 37. Let k(u) = -4*u + 209. Is k(m) a composite number?
False
Let v(o) = -720*o - 165. Let g be v(-3). Is ((-278)/(-1))/(g/(-287) - -7) prime?
False
Let g(s) = 9224*s**2 + 29*s + 156. Is g(-5) a composite number?
False
Let k(l) = 328*l + 27. Suppose 23*x - 25 - 21 = 0. Is k(x) composite?
False
Is 2/3*(-93)/(-62) - -575358 composite?
False
Suppose 3*g + 3*a - 17610 = 0, -23486 = -6*g + 2*g - 2*a. Suppose 0 = 150*t - 149*t - g. Is t a prime number?
False
Let 